he prime factors of 861613?
861613
List the prime factors of 5735667.
3, 7, 273127
List the prime factors of 2379503.
7, 19, 17891
List the prime factors of 253858.
2, 11, 1049
List the prime factors of 1069429.
1069429
What are the prime factors of 10060484?
2, 7, 51329
List the prime factors of 29907161.
197, 151813
List the prime factors of 220862.
2, 110431
List the prime factors of 8612563.
251, 34313
What are the prime factors of 1146744?
2, 3, 5309
List the prime factors of 2166.
2, 3, 19
List the prime factors of 78300.
2, 3, 5, 29
What are the prime factors of 282792?
2, 3, 11783
List the prime factors of 2077098.
2, 3, 103, 3361
List the prime factors of 9009456.
2, 3, 17, 61, 181
List the prime factors of 77121.
3, 11, 19, 41
What are the prime factors of 2402919?
3, 88997
What are the prime factors of 240539?
13, 18503
List the prime factors of 8561069.
11, 659, 1181
What are the prime factors of 279601?
7, 59, 677
List the prime factors of 21342.
2, 3, 3557
What are the prime factors of 197369?
197369
List the prime factors of 20077932.
2, 3, 7, 239023
List the prime factors of 140007.
3, 7, 59, 113
List the prime factors of 20672864.
2, 646027
What are the prime factors of 12755612?
2, 19, 47, 3571
What are the prime factors of 293227?
11, 19, 23, 61
List the prime factors of 136115.
5, 7, 3889
What are the prime factors of 663646?
2, 17, 131, 149
List the prime factors of 2500240.
2, 5, 31253
List the prime factors of 457863.
3, 7, 21803
List the prime factors of 2859150.
2, 3, 5, 7, 389
What are the prime factors of 1324263?
3, 441421
List the prime factors of 1044901.
11, 13, 7307
List the prime factors of 1191015.
3, 5, 7, 19, 199
List the prime factors of 281825.
5, 11273
List the prime factors of 301884.
2, 3, 11, 2287
What are the prime factors of 3225398?
2, 11, 146609
What are the prime factors of 168655?
5, 89, 379
What are the prime factors of 13377907?
73, 183259
What are the prime factors of 5685371?
5685371
What are the prime factors of 159831?
3, 7, 43, 59
List the prime factors of 88379.
88379
List the prime factors of 2003206.
2, 953, 1051
What are the prime factors of 9147237?
3, 11, 113, 223
What are the prime factors of 19796567?
7, 1483, 1907
List the prime factors of 11937186.
2, 3, 221059
List the prime factors of 2322131.
7, 199, 1667
What are the prime factors of 1529467?
43, 35569
What are the prime factors of 2666983?
11, 242453
What are the prime factors of 5645222?
2, 11, 137, 1873
List the prime factors of 3472815.
3, 5, 127, 1823
List the prime factors of 528952.
2, 37, 1787
List the prime factors of 9077978.
2, 7, 13, 31, 1609
List the prime factors of 1671721.
151, 11071
What are the prime factors of 252850?
2, 5, 13, 389
List the prime factors of 7077767.
23, 37, 8317
List the prime factors of 280347.
3, 17, 23, 239
List the prime factors of 2338957.
19, 257, 479
List the prime factors of 577028.
2, 181, 797
List the prime factors of 242612.
2, 131, 463
What are the prime factors of 391500?
2, 3, 5, 29
List the prime factors of 1813573.
23, 29, 2719
What are the prime factors of 195088?
2, 89, 137
List the prime factors of 136350.
2, 3, 5, 101
List the prime factors of 3594966.
2, 3, 467, 1283
What are the prime factors of 29470806?
2, 3, 197, 8311
List the prime factors of 19108463.
11, 109, 15937
List the prime factors of 573411.
3, 191137
What are the prime factors of 284701?
284701
What are the prime factors of 124993?
11, 1033
List the prime factors of 250135.
5, 19, 2633
List the prime factors of 318134.
2, 73, 2179
List the prime factors of 13165991.
13165991
List the prime factors of 3326250.
2, 3, 5, 887
List the prime factors of 65831.
65831
List the prime factors of 145220.
2, 5, 53, 137
List the prime factors of 346149.
3, 38461
What are the prime factors of 5476915?
5, 67, 16349
List the prime factors of 13391023.
13391023
What are the prime factors of 270814?
2, 43, 47, 67
What are the prime factors of 728397?
3, 80933
List the prime factors of 786373.
7, 112339
List the prime factors of 671288.
2, 83911
What are the prime factors of 20632386?
2, 3, 3438731
What are the prime factors of 3119265?
3, 5, 69317
What are the prime factors of 380147?
380147
List the prime factors of 238086.
2, 3, 4409
What are the prime factors of 1773882?
2, 3, 11, 17, 31
List the prime factors of 1581911.
1581911
What are the prime factors of 103491?
3, 3833
What are the prime factors of 5211?
3, 193
What are the prime factors of 206287?
23, 8969
What are the prime factors of 229015?
5, 163, 281
List the prime factors of 2569257.
3, 285473
What are the prime factors of 229770?
2, 3, 5, 23, 37
List the prime factors of 96836.
2, 43, 563
What are the prime factors of 302039?
17, 109, 163
List the prime factors of 1974384.
2, 3, 13711
What are the prime factors of 325447?
325447
What are the prime factors of 357048?
2, 3, 19, 29
List the prime factors of 6679172.
2, 1669793
What are the prime factors of 33861?
3, 11287
List the prime factors of 28664306.
2, 11, 353, 3691
List the prime factors of 579753.
3, 37, 1741
List the prime factors of 23181320.
2, 5, 579533
What are the prime factors of 36664344?
2, 3, 509227
List the prime factors of 514086.
2, 3, 47, 1823
What are the prime factors of 148881?
3, 49627
What are the prime factors of 10678219?
10678219
List the prime factors of 39596795.
5, 7, 47, 24071
What are the prime factors of 6524215?
5, 79, 83, 199
What are the prime factors of 164562?
2, 3, 27427
What are the prime factors of 9378219?
3, 167, 18719
List the prime factors of 1044580.
2, 5, 29, 1801
What are the prime factors of 3771882?
2, 3, 209549
What are the prime factors of 29643925?
5, 401, 2957
List the prime factors of 6180777.
3, 43, 15971
What are the prime factors of 36990?
2, 3, 5, 137
What are the prime factors of 2691127?
2691127
List the prime factors of 166739.
166739
What are the prime factors of 8967280?
2, 5, 7, 67, 239
What are the prime factors of 157549?
7, 71, 317
List the prime factors of 19365544.
2, 11, 220063
List the prime factors of 21025024.
2, 82129
List the prime factors of 114692.
2, 53, 541
List the prime factors of 1690323.
3, 29, 19429
What are the prime factors of 1446546?
2, 3, 19, 12689
List the prime factors of 9938888.
2, 1242361
List the prime factors of 1260777.
3, 7, 60037
List the prime factors of 25086.
2, 3, 37, 113
What are the prime factors of 838346?
2, 37, 11329
What are the prime factors of 1286028?
2, 3, 139, 257
List the prime factors of 862793.
557, 1549
What are the prime factors of 605357?
37, 16361
List the prime factors of 600408.
2, 3, 31, 269
List the prime factors of 1744079.
83, 21013
What are the prime factors of 1375345?
5, 41, 6709
List the prime factors of 129968.
2, 8123
What are the prime factors of 1003584?
2, 3, 5227
List the prime factors of 266291.
266291
What are the prime factors of 2484872?
2, 13, 23893
What are the prime factors of 110463?
3, 36821
List the prime factors of 232150.
2, 5, 4643
What are the prime factors of 37792?
2, 1181
What are the prime factors of 16252227?
3, 109, 16567
List the prime factors of 10625094.
2, 3, 65587
What are the prime factors of 2269399?
11, 103, 2003
List the prime factors of 3341596.
2, 835399
List the prime factors of 23958778.
2, 23, 701, 743
List the prime factors of 125969.
103, 1223
What are the prime factors of 2604187?
2604187
List the prime factors of 304990.
2, 5, 7, 4357
List the prime factors of 494729.
31, 15959
List the prime factors of 488582.
2, 244291
What are the prime factors of 143450?
2, 5, 19, 151
What are the prime factors of 1377345?
3, 5, 91823
What are the prime factors of 2529645?
3, 5, 168643
What are the prime factors of 772270?
2, 5, 29, 2663
What are the prime factors of 1144350?
2, 3, 5, 2543
List the prime factors of 5054999.
5054999
What are the prime factors of 57940?
2, 5, 2897
What are the prime factors of 183271?
11, 16661
List the prime factors of 59121.
3, 6569
List the prime factors of 64724.
2, 11, 1471
What are the prime factors of 1721496?
2, 3, 7, 10247
What are the prime factors of 2618813?
2618813
What are the prime factors of 134868?
2, 3, 11239
What are the prime factors of 2094339?
3, 13, 83, 647
List the prime factors of 78